{"id":2039,"date":"2023-01-27T13:57:18","date_gmt":"2023-01-27T12:57:18","guid":{"rendered":"https:\/\/www.in-memory.fr\/?page_id=2039"},"modified":"2024-05-15T13:29:29","modified_gmt":"2024-05-15T11:29:29","slug":"securite-des-donnees","status":"publish","type":"page","link":"https:\/\/www.in-memory.fr\/?page_id=2039","title":{"rendered":"S\u00e9curit\u00e9 des donn\u00e9es"},"content":{"rendered":"\t\t<div data-elementor-type=\"wp-page\" data-elementor-id=\"2039\" class=\"elementor elementor-2039\">\n\t\t\t\t\t\t<section class=\"elementor-section elementor-top-section elementor-element elementor-element-1f48cb9 elementor-section-full_width elementor-section-height-default elementor-section-height-default\" data-id=\"1f48cb9\" data-element_type=\"section\" data-e-type=\"section\">\n\t\t\t\t\t\t<div class=\"elementor-container elementor-column-gap-default\">\n\t\t\t\t\t<div class=\"elementor-column elementor-col-100 elementor-top-column elementor-element elementor-element-6bcf5a0\" data-id=\"6bcf5a0\" data-element_type=\"column\" data-e-type=\"column\" data-settings=\"{&quot;background_background&quot;:&quot;classic&quot;}\">\n\t\t\t<div class=\"elementor-widget-wrap elementor-element-populated\">\n\t\t\t\t\t\t<section class=\"elementor-section elementor-inner-section elementor-element elementor-element-947a39c elementor-section-boxed elementor-section-height-default elementor-section-height-default\" data-id=\"947a39c\" data-element_type=\"section\" data-e-type=\"section\">\n\t\t\t\t\t\t<div class=\"elementor-container elementor-column-gap-default\">\n\t\t\t\t\t<div class=\"elementor-column elementor-col-100 elementor-inner-column elementor-element elementor-element-34a1b66\" data-id=\"34a1b66\" data-element_type=\"column\" data-e-type=\"column\">\n\t\t\t<div class=\"elementor-widget-wrap elementor-element-populated\">\n\t\t\t\t\t\t<div class=\"elementor-element elementor-element-56859b1 elementor-widget elementor-widget-heading\" data-id=\"56859b1\" data-element_type=\"widget\" data-e-type=\"widget\" data-widget_type=\"heading.default\">\n\t\t\t\t<div class=\"elementor-widget-container\">\n\t\t\t\t\t<h2 class=\"elementor-heading-title elementor-size-default\">S\u00e9curit\u00e9 des donn\u00e9es<\/h2>\t\t\t\t<\/div>\n\t\t\t\t<\/div>\n\t\t\t\t\t<\/div>\n\t\t<\/div>\n\t\t\t\t\t<\/div>\n\t\t<\/section>\n\t\t\t\t\t<\/div>\n\t\t<\/div>\n\t\t\t\t\t<\/div>\n\t\t<\/section>\n\t\t\t\t<section class=\"elementor-section elementor-top-section elementor-element elementor-element-97dae91 elementor-section-boxed elementor-section-height-default elementor-section-height-default\" data-id=\"97dae91\" data-element_type=\"section\" data-e-type=\"section\">\n\t\t\t\t\t\t<div class=\"elementor-container elementor-column-gap-default\">\n\t\t\t\t\t<div class=\"elementor-column elementor-col-100 elementor-top-column elementor-element elementor-element-aa43ef8\" data-id=\"aa43ef8\" data-element_type=\"column\" data-e-type=\"column\">\n\t\t\t<div class=\"elementor-widget-wrap elementor-element-populated\">\n\t\t\t\t\t\t<div class=\"elementor-element elementor-element-4513629 elementor-widget elementor-widget-heading\" data-id=\"4513629\" data-element_type=\"widget\" data-e-type=\"widget\" data-widget_type=\"heading.default\">\n\t\t\t\t<div class=\"elementor-widget-container\">\n\t\t\t\t\t<h2 class=\"elementor-heading-title elementor-size-default\">Acc\u00e8s au compte<\/h2>\t\t\t\t<\/div>\n\t\t\t\t<\/div>\n\t\t\t\t<div class=\"elementor-element elementor-element-244cd14 elementor-widget elementor-widget-text-editor\" data-id=\"244cd14\" data-element_type=\"widget\" data-e-type=\"widget\" data-widget_type=\"text-editor.default\">\n\t\t\t\t<div class=\"elementor-widget-container\">\n\t\t\t\t\t\t\t\t\t<p>Pour pouvoir cr\u00e9er un compte sur <strong>In-memory<\/strong> nous vous demandons un identifiant \u2013 votre adresse email &#8211; ainsi qu\u2019une phrase de s\u00e9curit\u00e9 de 20 caract\u00e8res minimum.<\/p><p>Il y a un syst\u00e8me de double-v\u00e9rification lorsque vous cr\u00e9ez votre compte, nous vous envoyons un lien par mail, pour que vous puissiez confirmer votre adresse et valider votre compte.<\/p><p><span style=\"color: var( --e-global-color-text ); font-family: var( --e-global-typography-text-font-family ), Sans-serif; font-weight: var( --e-global-typography-text-font-weight ); font-size: 1rem;\">Apr\u00e8s validation de votre compte, vous devez cr\u00e9er votre <\/span><strong style=\"color: var( --e-global-color-text ); font-family: var( --e-global-typography-text-font-family ), Sans-serif; font-size: 1rem;\">code PIN<\/strong><span style=\"color: var( --e-global-color-text ); font-family: var( --e-global-typography-text-font-family ), Sans-serif; font-weight: var( --e-global-typography-text-font-weight ); font-size: 1rem;\"> confidentiel \u00e0 4 chiffres personnel par un syst\u00e8me de double validation.<\/span><\/p><p>Le code PIN n\u2019est pas visible \u00e0 la saisie pour des raisons de s\u00e9curit\u00e9 et de confidentialit\u00e9.<\/p><p>Le code PIN est tr\u00e8s important et tr\u00e8s confidentiel, il vous sera demand\u00e9 \u00e0 chaque connexions sur <strong>In-memory<\/strong>. Ne jamais communiquer votre code PIN\u00a0!<\/p><p>Vous pouvez le modifier en vous rendant dans votre Profil &gt; Modifier et nous vous demanderons une confirmation par email pour nous assurer qu\u2019il s\u2019agit bien de votre demande. Puis se connecter \u00e0 l\u2019application en validant votre nouveau code PIN 2 fois<\/p><p>Conjointement avec le code PIN, il y a une s\u00e9curit\u00e9 additionnelle en place pour la dur\u00e9e de session : si aucune activit\u00e9 n\u2019est enregistr\u00e9e sur l\u2019application pendant une minute ou si vous allez sur une autre application, vous serez automatiquement d\u00e9connect\u00e9 de l\u2019application, et nous vous demanderons \u00e0 nouveau votre code PIN au retour dans l\u2019application <strong>In-memory<\/strong>.<\/p>\t\t\t\t\t\t\t\t<\/div>\n\t\t\t\t<\/div>\n\t\t\t\t<div class=\"elementor-element elementor-element-349a9ea elementor-widget elementor-widget-heading\" data-id=\"349a9ea\" data-element_type=\"widget\" data-e-type=\"widget\" data-widget_type=\"heading.default\">\n\t\t\t\t<div class=\"elementor-widget-container\">\n\t\t\t\t\t<h2 class=\"elementor-heading-title elementor-size-default\">Transit des donn\u00e9es<\/h2>\t\t\t\t<\/div>\n\t\t\t\t<\/div>\n\t\t\t\t<div class=\"elementor-element elementor-element-9056770 elementor-widget elementor-widget-text-editor\" data-id=\"9056770\" data-element_type=\"widget\" data-e-type=\"widget\" data-widget_type=\"text-editor.default\">\n\t\t\t\t<div class=\"elementor-widget-container\">\n\t\t\t\t\t\t\t\t\t<p>Lorsque vous ajoutez un message avec ou sans fichiers joints sur <strong>In-memory<\/strong>, ceux-ci sont automatiquement et imm\u00e9diatement chiffr\u00e9s dans leur int\u00e9gralit\u00e9 et de bout en bout jusque sur nos serveurs s\u00e9curis\u00e9s SS par un syst\u00e8me de doubles clefs.<\/p>\t\t\t\t\t\t\t\t<\/div>\n\t\t\t\t<\/div>\n\t\t\t\t<div class=\"elementor-element elementor-element-97a3226 elementor-widget elementor-widget-heading\" data-id=\"97a3226\" data-element_type=\"widget\" data-e-type=\"widget\" data-widget_type=\"heading.default\">\n\t\t\t\t<div class=\"elementor-widget-container\">\n\t\t\t\t\t<h2 class=\"elementor-heading-title elementor-size-default\">Stockage des donn\u00e9es <\/h2>\t\t\t\t<\/div>\n\t\t\t\t<\/div>\n\t\t\t\t<div class=\"elementor-element elementor-element-eaec75d elementor-widget elementor-widget-text-editor\" data-id=\"eaec75d\" data-element_type=\"widget\" data-e-type=\"widget\" data-widget_type=\"text-editor.default\">\n\t\t\t\t<div class=\"elementor-widget-container\">\n\t\t\t\t\t\t\t\t\t<p style=\"margin: 0cm;\"><span style=\"font-family: 'Arial',sans-serif; color: #636363;\">Vos donn\u00e9es sont chiffr\u00e9es d\u00e8s leur arriv\u00e9e sur nos serveurs bas\u00e9s en France, par un syst\u00e8me de doubles clefs de chiffrement stock\u00e9s sur votre appareil et sur un serveur s\u00e9curis\u00e9 SS diff\u00e9rent. Ainsi, m\u00eame une faille dans un des serveurs ne permettrait que de r\u00e9cup\u00e9rer des informations compl\u00e8tements chiffr\u00e9es et ind\u00e9chiffrables.<\/span><\/p><p style=\"margin: 0cm;\"><span style=\"color: #636363;\">\u00a0<\/span><\/p><p style=\"margin: 0cm;\"><span style=\"white-space: pre-wrap;\"><span style=\"font-family: 'Arial',sans-serif; color: #636363;\">Les \u00e9quipes de In-memory n\u2019ont absolument aucune possibilit\u00e9 d\u2019acc\u00e9der \u00e0 vos informations chiffr\u00e9es.<\/span><\/span><\/p>\t\t\t\t\t\t\t\t<\/div>\n\t\t\t\t<\/div>\n\t\t\t\t<div class=\"elementor-element elementor-element-fa1bd50 elementor-widget elementor-widget-heading\" data-id=\"fa1bd50\" data-element_type=\"widget\" data-e-type=\"widget\" data-widget_type=\"heading.default\">\n\t\t\t\t<div class=\"elementor-widget-container\">\n\t\t\t\t\t<h2 class=\"elementor-heading-title elementor-size-default\">Accessibilit\u00e9 des donn\u00e9es<\/h2>\t\t\t\t<\/div>\n\t\t\t\t<\/div>\n\t\t\t\t<div class=\"elementor-element elementor-element-973b290 elementor-widget elementor-widget-text-editor\" data-id=\"973b290\" data-element_type=\"widget\" data-e-type=\"widget\" data-widget_type=\"text-editor.default\">\n\t\t\t\t<div class=\"elementor-widget-container\">\n\t\t\t\t\t\t\t\t\t<p style=\"margin: 0cm;\"><b><span style=\"font-family: 'Arial',sans-serif; color: #636363;\">Uniquement l\u2019utilisateur du compte peut acc\u00e9der \u00e0 ses donn\u00e9es<\/span><\/b><\/p><p style=\"margin: 0cm;\"><span style=\"white-space: pre-wrap;\"><span style=\"font-family: 'Arial',sans-serif; color: #636363;\">Les \u00e9quipes de <\/span><b>In-memory<\/b> n\u2019ont absolument aucune possibilit\u00e9 d\u2019acc\u00e9der \u00e0 vos informations chiffr\u00e9es.<\/span><\/p>\t\t\t\t\t\t\t\t<\/div>\n\t\t\t\t<\/div>\n\t\t\t\t<div class=\"elementor-element elementor-element-ec647f0 elementor-widget elementor-widget-heading\" data-id=\"ec647f0\" data-element_type=\"widget\" data-e-type=\"widget\" data-widget_type=\"heading.default\">\n\t\t\t\t<div class=\"elementor-widget-container\">\n\t\t\t\t\t<h2 class=\"elementor-heading-title elementor-size-default\">Donn\u00e9es en cas de suppression du compte In-memory<\/h2>\t\t\t\t<\/div>\n\t\t\t\t<\/div>\n\t\t\t\t<div class=\"elementor-element elementor-element-641ff63 elementor-widget elementor-widget-text-editor\" data-id=\"641ff63\" data-element_type=\"widget\" data-e-type=\"widget\" data-widget_type=\"text-editor.default\">\n\t\t\t\t<div class=\"elementor-widget-container\">\n\t\t\t\t\t\t\t\t\t<p style=\"margin: 0cm;\"><span style=\"font-family: 'Arial',sans-serif; color: #636363;\">Si vous d\u00e9cidez de supprimer votre compte <\/span><b><span style=\"white-space: pre-wrap;\">In-memory,<\/span><\/b><span style=\"white-space: pre-wrap;\"> vous pouvez supprimer tous les messages avec toutes les pi\u00e8ces jointes, tous vos confiants et contacts dans l\u2019application.<\/span><\/p><p style=\"margin: 0cm;\"><span style=\"font-family: 'Arial',sans-serif; color: #636363;\">\u00a0<\/span><\/p><p style=\"margin: 0cm;\"><span style=\"font-family: 'Arial',sans-serif; color: #636363;\">Vos donn\u00e9es personnelles \u2013 email et informations personnelles &#8211; seront supprim\u00e9es dans les d\u00e9lais impos\u00e9s par les obligations l\u00e9gales de conservation pr\u00e9vues par la loi.<\/span><\/p>\t\t\t\t\t\t\t\t<\/div>\n\t\t\t\t<\/div>\n\t\t\t\t<div class=\"elementor-element elementor-element-0499a2a elementor-widget elementor-widget-heading\" data-id=\"0499a2a\" data-element_type=\"widget\" data-e-type=\"widget\" data-widget_type=\"heading.default\">\n\t\t\t\t<div class=\"elementor-widget-container\">\n\t\t\t\t\t<h2 class=\"elementor-heading-title elementor-size-default\">Donn\u00e9es apr\u00e8s exp\u00e9dition aux destinataires des messages du compte In-memory<\/h2>\t\t\t\t<\/div>\n\t\t\t\t<\/div>\n\t\t\t\t<div class=\"elementor-element elementor-element-1652e81 elementor-widget elementor-widget-text-editor\" data-id=\"1652e81\" data-element_type=\"widget\" data-e-type=\"widget\" data-widget_type=\"text-editor.default\">\n\t\t\t\t<div class=\"elementor-widget-container\">\n\t\t\t\t\t\t\t\t\t<p style=\"margin: 0cm;\"><span style=\"font-family: 'Arial',sans-serif; color: #636363;\">Selon confirmations de vos confiants, \u00e0 votre d\u00e9c\u00e8s seulement et uniquement, tous vos messages seront exp\u00e9di\u00e9s individuellement \u00e0 vos destinataires ou groupe de destinataires de votre compte selon vos directives de dates.<\/span><\/p><p style=\"margin: 0cm;\"><span style=\"white-space: pre-wrap;\"><span style=\"font-family: 'Arial',sans-serif; color: #636363;\">Vos donn\u00e9es personnelles \u2013 email et informations personnelles &#8211; seront supprim\u00e9es dans les d\u00e9lais impos\u00e9s par les obligations l\u00e9gales de conservation pr\u00e9vues par la loi d\u00e8s la fin du service de l\u2019application.<\/span><\/span><\/p>\t\t\t\t\t\t\t\t<\/div>\n\t\t\t\t<\/div>\n\t\t\t\t\t<\/div>\n\t\t<\/div>\n\t\t\t\t\t<\/div>\n\t\t<\/section>\n\t\t\t\t<\/div>\n\t\t","protected":false},"excerpt":{"rendered":"<p>S\u00e9curit\u00e9 des donn\u00e9es Acc\u00e8s au compte Pour pouvoir cr\u00e9er un compte sur In-memory nous vous demandons un identifiant \u2013 votre adresse email &#8211; ainsi qu\u2019une phrase de s\u00e9curit\u00e9 de 20 caract\u00e8res minimum. Il y a un syst\u00e8me de double-v\u00e9rification lorsque vous cr\u00e9ez votre compte, nous vous envoyons un lien par mail, pour que vous puissiez [&hellip;]<\/p>\n","protected":false},"author":1,"featured_media":0,"parent":0,"menu_order":0,"comment_status":"closed","ping_status":"closed","template":"","meta":{"inline_featured_image":false,"footnotes":""},"class_list":["post-2039","page","type-page","status-publish","hentry"],"yoast_head":"<!-- This site is optimized with the Yoast SEO plugin v26.9 - https:\/\/yoast.com\/product\/yoast-seo-wordpress\/ -->\n<title>S\u00e9curit\u00e9 des donn\u00e9es - In-memory<\/title>\n<meta name=\"description\" content=\"Vos informations personnelles sont en s\u00e9curit\u00e9 avec notre engagement de s\u00e9curit\u00e9 des donn\u00e9es en conformit\u00e9 avec la CNIL.\" \/>\n<meta name=\"robots\" content=\"index, follow, max-snippet:-1, max-image-preview:large, max-video-preview:-1\" \/>\n<link rel=\"canonical\" href=\"https:\/\/www.in-memory.fr\/?page_id=2039\" \/>\n<meta property=\"og:locale\" content=\"fr_FR\" \/>\n<meta property=\"og:type\" content=\"article\" \/>\n<meta property=\"og:title\" content=\"S\u00e9curit\u00e9 des donn\u00e9es - In-memory\" \/>\n<meta property=\"og:description\" content=\"Vos informations personnelles sont en s\u00e9curit\u00e9 avec notre engagement de s\u00e9curit\u00e9 des donn\u00e9es en conformit\u00e9 avec la CNIL.\" \/>\n<meta property=\"og:url\" content=\"https:\/\/www.in-memory.fr\/?page_id=2039\" \/>\n<meta property=\"og:site_name\" content=\"In-memory\" \/>\n<meta property=\"article:modified_time\" content=\"2024-05-15T11:29:29+00:00\" \/>\n<meta name=\"twitter:card\" content=\"summary_large_image\" \/>\n<meta name=\"twitter:label1\" content=\"Dur\u00e9e de lecture estim\u00e9e\" \/>\n\t<meta name=\"twitter:data1\" content=\"3 minutes\" \/>\n<script type=\"application\/ld+json\" class=\"yoast-schema-graph\">{\"@context\":\"https:\/\/schema.org\",\"@graph\":[{\"@type\":\"WebPage\",\"@id\":\"https:\/\/www.in-memory.fr\/?page_id=2039\",\"url\":\"https:\/\/www.in-memory.fr\/?page_id=2039\",\"name\":\"S\u00e9curit\u00e9 des donn\u00e9es - In-memory\",\"isPartOf\":{\"@id\":\"https:\/\/www.in-memory.fr\/#website\"},\"datePublished\":\"2023-01-27T12:57:18+00:00\",\"dateModified\":\"2024-05-15T11:29:29+00:00\",\"description\":\"Vos informations personnelles sont en s\u00e9curit\u00e9 avec notre engagement de s\u00e9curit\u00e9 des donn\u00e9es en conformit\u00e9 avec la CNIL.\",\"breadcrumb\":{\"@id\":\"https:\/\/www.in-memory.fr\/?page_id=2039#breadcrumb\"},\"inLanguage\":\"fr-FR\",\"potentialAction\":[{\"@type\":\"ReadAction\",\"target\":[\"https:\/\/www.in-memory.fr\/?page_id=2039\"]}]},{\"@type\":\"BreadcrumbList\",\"@id\":\"https:\/\/www.in-memory.fr\/?page_id=2039#breadcrumb\",\"itemListElement\":[{\"@type\":\"ListItem\",\"position\":1,\"name\":\"Accueil\",\"item\":\"https:\/\/www.in-memory.fr\/\"},{\"@type\":\"ListItem\",\"position\":2,\"name\":\"S\u00e9curit\u00e9 des donn\u00e9es\"}]},{\"@type\":\"WebSite\",\"@id\":\"https:\/\/www.in-memory.fr\/#website\",\"url\":\"https:\/\/www.in-memory.fr\/\",\"name\":\"In-memory\",\"description\":\"Parce que c&#039;est la vie\",\"publisher\":{\"@id\":\"https:\/\/www.in-memory.fr\/#organization\"},\"potentialAction\":[{\"@type\":\"SearchAction\",\"target\":{\"@type\":\"EntryPoint\",\"urlTemplate\":\"https:\/\/www.in-memory.fr\/?s={search_term_string}\"},\"query-input\":{\"@type\":\"PropertyValueSpecification\",\"valueRequired\":true,\"valueName\":\"search_term_string\"}}],\"inLanguage\":\"fr-FR\"},{\"@type\":\"Organization\",\"@id\":\"https:\/\/www.in-memory.fr\/#organization\",\"name\":\"In-memory\",\"url\":\"https:\/\/www.in-memory.fr\/\",\"logo\":{\"@type\":\"ImageObject\",\"inLanguage\":\"fr-FR\",\"@id\":\"https:\/\/www.in-memory.fr\/#\/schema\/logo\/image\/\",\"url\":\"https:\/\/www.in-memory.fr\/wp-content\/uploads\/2023\/01\/inmemory.png\",\"contentUrl\":\"https:\/\/www.in-memory.fr\/wp-content\/uploads\/2023\/01\/inmemory.png\",\"width\":86,\"height\":65,\"caption\":\"In-memory\"},\"image\":{\"@id\":\"https:\/\/www.in-memory.fr\/#\/schema\/logo\/image\/\"}}]}<\/script>\n<!-- \/ Yoast SEO plugin. -->","yoast_head_json":{"title":"S\u00e9curit\u00e9 des donn\u00e9es - In-memory","description":"Vos informations personnelles sont en s\u00e9curit\u00e9 avec notre engagement de s\u00e9curit\u00e9 des donn\u00e9es en conformit\u00e9 avec la CNIL.","robots":{"index":"index","follow":"follow","max-snippet":"max-snippet:-1","max-image-preview":"max-image-preview:large","max-video-preview":"max-video-preview:-1"},"canonical":"https:\/\/www.in-memory.fr\/?page_id=2039","og_locale":"fr_FR","og_type":"article","og_title":"S\u00e9curit\u00e9 des donn\u00e9es - In-memory","og_description":"Vos informations personnelles sont en s\u00e9curit\u00e9 avec notre engagement de s\u00e9curit\u00e9 des donn\u00e9es en conformit\u00e9 avec la CNIL.","og_url":"https:\/\/www.in-memory.fr\/?page_id=2039","og_site_name":"In-memory","article_modified_time":"2024-05-15T11:29:29+00:00","twitter_card":"summary_large_image","twitter_misc":{"Dur\u00e9e de lecture estim\u00e9e":"3 minutes"},"schema":{"@context":"https:\/\/schema.org","@graph":[{"@type":"WebPage","@id":"https:\/\/www.in-memory.fr\/?page_id=2039","url":"https:\/\/www.in-memory.fr\/?page_id=2039","name":"S\u00e9curit\u00e9 des donn\u00e9es - In-memory","isPartOf":{"@id":"https:\/\/www.in-memory.fr\/#website"},"datePublished":"2023-01-27T12:57:18+00:00","dateModified":"2024-05-15T11:29:29+00:00","description":"Vos informations personnelles sont en s\u00e9curit\u00e9 avec notre engagement de s\u00e9curit\u00e9 des donn\u00e9es en conformit\u00e9 avec la CNIL.","breadcrumb":{"@id":"https:\/\/www.in-memory.fr\/?page_id=2039#breadcrumb"},"inLanguage":"fr-FR","potentialAction":[{"@type":"ReadAction","target":["https:\/\/www.in-memory.fr\/?page_id=2039"]}]},{"@type":"BreadcrumbList","@id":"https:\/\/www.in-memory.fr\/?page_id=2039#breadcrumb","itemListElement":[{"@type":"ListItem","position":1,"name":"Accueil","item":"https:\/\/www.in-memory.fr\/"},{"@type":"ListItem","position":2,"name":"S\u00e9curit\u00e9 des donn\u00e9es"}]},{"@type":"WebSite","@id":"https:\/\/www.in-memory.fr\/#website","url":"https:\/\/www.in-memory.fr\/","name":"In-memory","description":"Parce que c&#039;est la vie","publisher":{"@id":"https:\/\/www.in-memory.fr\/#organization"},"potentialAction":[{"@type":"SearchAction","target":{"@type":"EntryPoint","urlTemplate":"https:\/\/www.in-memory.fr\/?s={search_term_string}"},"query-input":{"@type":"PropertyValueSpecification","valueRequired":true,"valueName":"search_term_string"}}],"inLanguage":"fr-FR"},{"@type":"Organization","@id":"https:\/\/www.in-memory.fr\/#organization","name":"In-memory","url":"https:\/\/www.in-memory.fr\/","logo":{"@type":"ImageObject","inLanguage":"fr-FR","@id":"https:\/\/www.in-memory.fr\/#\/schema\/logo\/image\/","url":"https:\/\/www.in-memory.fr\/wp-content\/uploads\/2023\/01\/inmemory.png","contentUrl":"https:\/\/www.in-memory.fr\/wp-content\/uploads\/2023\/01\/inmemory.png","width":86,"height":65,"caption":"In-memory"},"image":{"@id":"https:\/\/www.in-memory.fr\/#\/schema\/logo\/image\/"}}]}},"lang":"fr","translations":{"fr":2039,"en-us":5219,"de":5347},"pll_sync_post":[],"_links":{"self":[{"href":"https:\/\/www.in-memory.fr\/index.php?rest_route=\/wp\/v2\/pages\/2039","targetHints":{"allow":["GET"]}}],"collection":[{"href":"https:\/\/www.in-memory.fr\/index.php?rest_route=\/wp\/v2\/pages"}],"about":[{"href":"https:\/\/www.in-memory.fr\/index.php?rest_route=\/wp\/v2\/types\/page"}],"author":[{"embeddable":true,"href":"https:\/\/www.in-memory.fr\/index.php?rest_route=\/wp\/v2\/users\/1"}],"replies":[{"embeddable":true,"href":"https:\/\/www.in-memory.fr\/index.php?rest_route=%2Fwp%2Fv2%2Fcomments&post=2039"}],"version-history":[{"count":32,"href":"https:\/\/www.in-memory.fr\/index.php?rest_route=\/wp\/v2\/pages\/2039\/revisions"}],"predecessor-version":[{"id":6860,"href":"https:\/\/www.in-memory.fr\/index.php?rest_route=\/wp\/v2\/pages\/2039\/revisions\/6860"}],"wp:attachment":[{"href":"https:\/\/www.in-memory.fr\/index.php?rest_route=%2Fwp%2Fv2%2Fmedia&parent=2039"}],"curies":[{"name":"wp","href":"https:\/\/api.w.org\/{rel}","templated":true}]}}