{"id":241,"date":"2023-01-11T09:37:53","date_gmt":"2023-01-11T08:37:53","guid":{"rendered":"https:\/\/www.in-memory.fr\/?page_id=241"},"modified":"2024-05-15T13:30:00","modified_gmt":"2024-05-15T11:30:00","slug":"mentions-legales","status":"publish","type":"page","link":"https:\/\/www.in-memory.fr\/?page_id=241","title":{"rendered":"Mentions l\u00e9gales"},"content":{"rendered":"\t\t<div data-elementor-type=\"wp-page\" data-elementor-id=\"241\" class=\"elementor elementor-241\">\n\t\t\t\t\t\t<section class=\"elementor-section elementor-top-section elementor-element elementor-element-b4beebb elementor-section-full_width elementor-section-height-default elementor-section-height-default\" data-id=\"b4beebb\" data-element_type=\"section\" data-e-type=\"section\">\n\t\t\t\t\t\t<div class=\"elementor-container elementor-column-gap-default\">\n\t\t\t\t\t<div class=\"elementor-column elementor-col-100 elementor-top-column elementor-element elementor-element-c6fbed9\" data-id=\"c6fbed9\" data-element_type=\"column\" data-e-type=\"column\" data-settings=\"{&quot;background_background&quot;:&quot;classic&quot;}\">\n\t\t\t<div class=\"elementor-widget-wrap elementor-element-populated\">\n\t\t\t\t\t\t<section class=\"elementor-section elementor-inner-section elementor-element elementor-element-3e47207 elementor-section-boxed elementor-section-height-default elementor-section-height-default\" data-id=\"3e47207\" data-element_type=\"section\" data-e-type=\"section\">\n\t\t\t\t\t\t<div class=\"elementor-container elementor-column-gap-default\">\n\t\t\t\t\t<div class=\"elementor-column elementor-col-100 elementor-inner-column elementor-element elementor-element-e1b13a5\" data-id=\"e1b13a5\" data-element_type=\"column\" data-e-type=\"column\">\n\t\t\t<div class=\"elementor-widget-wrap elementor-element-populated\">\n\t\t\t\t\t\t<div class=\"elementor-element elementor-element-1f74ff8 elementor-widget elementor-widget-heading\" data-id=\"1f74ff8\" data-element_type=\"widget\" data-e-type=\"widget\" data-widget_type=\"heading.default\">\n\t\t\t\t<div class=\"elementor-widget-container\">\n\t\t\t\t\t<h2 class=\"elementor-heading-title elementor-size-default\">Mentions l\u00e9gales<\/h2>\t\t\t\t<\/div>\n\t\t\t\t<\/div>\n\t\t\t\t\t<\/div>\n\t\t<\/div>\n\t\t\t\t\t<\/div>\n\t\t<\/section>\n\t\t\t\t\t<\/div>\n\t\t<\/div>\n\t\t\t\t\t<\/div>\n\t\t<\/section>\n\t\t\t\t<section class=\"elementor-section elementor-top-section elementor-element elementor-element-42fd3de elementor-section-boxed elementor-section-height-default elementor-section-height-default\" data-id=\"42fd3de\" data-element_type=\"section\" data-e-type=\"section\">\n\t\t\t\t\t\t<div class=\"elementor-container elementor-column-gap-default\">\n\t\t\t\t\t<div class=\"elementor-column elementor-col-100 elementor-top-column elementor-element elementor-element-d225320\" data-id=\"d225320\" data-element_type=\"column\" data-e-type=\"column\">\n\t\t\t<div class=\"elementor-widget-wrap elementor-element-populated\">\n\t\t\t\t\t\t<div class=\"elementor-element elementor-element-7f171fd elementor-widget elementor-widget-heading\" data-id=\"7f171fd\" data-element_type=\"widget\" data-e-type=\"widget\" data-widget_type=\"heading.default\">\n\t\t\t\t<div class=\"elementor-widget-container\">\n\t\t\t\t\t<h2 class=\"elementor-heading-title elementor-size-default\">\u00c9diteur<\/h2>\t\t\t\t<\/div>\n\t\t\t\t<\/div>\n\t\t\t\t<div class=\"elementor-element elementor-element-4a76f68 elementor-widget elementor-widget-text-editor\" data-id=\"4a76f68\" data-element_type=\"widget\" data-e-type=\"widget\" data-widget_type=\"text-editor.default\">\n\t\t\t\t<div class=\"elementor-widget-container\">\n\t\t\t\t\t\t\t\t\t<p style=\"margin: 0cm 0cm 8.0pt 0cm;\"><span style=\"font-family: 'Arial',sans-serif; color: #636363;\">Le pr\u00e9sent site internet est \u00e9dit\u00e9 par la soci\u00e9t\u00e9 <\/span><b><span style=\"white-space: pre-wrap;\">In-memory SAS<\/span><\/b><span style=\"white-space: pre-wrap;\">, Soci\u00e9t\u00e9 par Action Simplifi\u00e9e enregistr\u00e9e au Tribunal de Commerce de Paris sous le num\u00e9ro <\/span><b><span style=\"white-space: pre-wrap;\">909557373<\/span><\/b><span style=\"white-space: pre-wrap;\"> RCS dont le si\u00e8ge social est situ\u00e9 au 25 rue de Verneuil 75007 Paris.<\/span><\/p><p style=\"margin: 0cm 0cm 8.0pt 0cm;\"><span style=\"white-space: pre-wrap;\"><span style=\"font-family: 'Arial',sans-serif; color: #636363;\">Le capital social est de 20.000 Euros.<\/span><br \/>TVA intracommunautaire <b>FR909557373<\/b><\/span><\/p><p style=\"margin: 0cm 0cm 8.0pt 0cm;\"><span style=\"white-space: pre-wrap;\"><span style=\"font-family: 'Arial',sans-serif; color: #636363;\">contact@in-memory.fr<\/span><br \/>Directeur de la Publication : Christophe MARLOT<\/span><\/p>\t\t\t\t\t\t\t\t<\/div>\n\t\t\t\t<\/div>\n\t\t\t\t<div class=\"elementor-element elementor-element-bcca24e elementor-widget elementor-widget-heading\" data-id=\"bcca24e\" data-element_type=\"widget\" data-e-type=\"widget\" data-widget_type=\"heading.default\">\n\t\t\t\t<div class=\"elementor-widget-container\">\n\t\t\t\t\t<h2 class=\"elementor-heading-title elementor-size-default\">H\u00e9bergeur<\/h2>\t\t\t\t<\/div>\n\t\t\t\t<\/div>\n\t\t\t\t<div class=\"elementor-element elementor-element-7ce7a51 elementor-widget elementor-widget-text-editor\" data-id=\"7ce7a51\" data-element_type=\"widget\" data-e-type=\"widget\" data-widget_type=\"text-editor.default\">\n\t\t\t\t<div class=\"elementor-widget-container\">\n\t\t\t\t\t\t\t\t\t<p style=\"margin: 0cm 0cm 8.0pt 0cm;\"><span style=\"font-family: 'Arial',sans-serif; color: #636363;\">Le site internet <\/span><b><span style=\"white-space: pre-wrap;\">In-memory.fr<\/span><\/b><span style=\"white-space: pre-wrap;\"> et les services de <\/span><b><span style=\"white-space: pre-wrap;\">In-memory<\/span><\/b><span style=\"white-space: pre-wrap;\"> sont h\u00e9berg\u00e9s :<\/span><\/p><p style=\"margin: 0cm;\"><span style=\"font-family: 'Arial',sans-serif; color: #636363;\">sur des data serveurs en <\/span><b><span style=\"white-space: pre-wrap;\">FRANCE<\/span><\/b><span style=\"white-space: pre-wrap;\"> de la soci\u00e9t\u00e9\u00a0:<\/span><\/p><p style=\"margin: 0cm 0cm 8.0pt 0cm;\"><b><span style=\"font-family: 'Arial',sans-serif; color: #636363;\"><span style=\"white-space: pre-wrap;\">OVH<\/span><\/span><\/b><span style=\"font-family: 'Arial',sans-serif; color: #636363;\"><br \/><\/span><span style=\"white-space: pre-wrap;\">2 rue Kellermann<\/span><br \/><span style=\"white-space: pre-wrap;\">59053 ROUBAIX<\/span><\/p>\t\t\t\t\t\t\t\t<\/div>\n\t\t\t\t<\/div>\n\t\t\t\t<div class=\"elementor-element elementor-element-083ea79 elementor-widget elementor-widget-heading\" data-id=\"083ea79\" data-element_type=\"widget\" data-e-type=\"widget\" data-widget_type=\"heading.default\">\n\t\t\t\t<div class=\"elementor-widget-container\">\n\t\t\t\t\t<h2 class=\"elementor-heading-title elementor-size-default\">Donn\u00e9es personnelles <\/h2>\t\t\t\t<\/div>\n\t\t\t\t<\/div>\n\t\t\t\t<div class=\"elementor-element elementor-element-0bc21cf elementor-widget elementor-widget-text-editor\" data-id=\"0bc21cf\" data-element_type=\"widget\" data-e-type=\"widget\" data-widget_type=\"text-editor.default\">\n\t\t\t\t<div class=\"elementor-widget-container\">\n\t\t\t\t\t\t\t\t\t<p style=\"margin: 0cm 0cm 8.0pt 0cm;\"><span style=\"font-family: 'Arial',sans-serif; color: #636363;\">Dans le cadre de son activit\u00e9 de messagerie <\/span><b><span style=\"white-space: pre-wrap;\">In-memory SAS<\/span><\/b><span style=\"white-space: pre-wrap;\"> est amen\u00e9 \u00e0 traiter des donn\u00e9es personnelles. Nous accordons la plus grande importance \u00e0 la s\u00e9curit\u00e9 et \u00e0 la confidentialit\u00e9 des donn\u00e9es des utilisateurs des services de <\/span><b><span style=\"white-space: pre-wrap;\">In-memory SAS<\/span><\/b><span style=\"white-space: pre-wrap;\">, qu\u2019il s\u2019agisse du site <\/span><b><span style=\"white-space: pre-wrap;\">In-memory.fr<\/span><\/b><span style=\"white-space: pre-wrap;\"> ou de l\u2019application mobile <\/span><b><span style=\"white-space: pre-wrap;\">In-memory SAS<\/span><\/b><span style=\"white-space: pre-wrap;\">.<\/span><\/p>\n<p style=\"margin: 0cm 0cm 8.0pt 0cm;\"><span style=\"white-space: pre-wrap;\"><b><span style=\"font-family: 'Arial',sans-serif; color: #636363;\">In-memory SAS<\/span><\/b><\/span><span style=\"white-space: pre-wrap;\"><span style=\"font-family: 'Arial',sans-serif; color: #636363;\"> ne vend pas les donn\u00e9es collect\u00e9es des clients utilisateurs.&nbsp;Notre activit\u00e9 est la mise \u00e0 disposition de nos utilisateurs d\u2019un service de messagerie s\u00e9curis\u00e9e, pas la revente des donn\u00e9es de nos utilisateurs.<\/span><\/span><\/p>\n<p style=\"margin: 0cm;\"><span style=\"white-space: pre-wrap;\"><span style=\"font-family: 'Arial',sans-serif; color: #636363;\">Conform\u00e9ment \u00e0 la r\u00e8glementation et au r\u00e8glement g\u00e9n\u00e9ral sur la protection des donn\u00e9es, nous nous engageons \u00e0 collecter et traiter uniquement les donn\u00e9es qui sont strictement n\u00e9cessaires au regard de la finalit\u00e9 de l\u2019application<\/span><b> In-memory SAS.<\/b> Nous nous engageons \u00e0 ce que les donn\u00e9es collect\u00e9es soient conserv\u00e9es sous une forme permettant votre identification pendant une dur\u00e9e qui n\u2019exc\u00e8de pas la dur\u00e9e n\u00e9cessaire aux finalit\u00e9s de l\u2019application<b> In-memory SAS<\/b> pour lesquelles ces donn\u00e9es sont collect\u00e9es et trait\u00e9es.<\/span><\/p>\n<p style=\"margin: 0cm;\"><span style=\"color: #636363;\">&nbsp;<\/span><\/p>\n<p style=\"margin: 0cm;\"><span style=\"white-space: pre-wrap;\"><span style=\"font-family: 'Arial',sans-serif; color: #636363;\">Nous nous engageons \u00e0 ne pas divulguer ces donn\u00e9es personnelles \u00e0 d\u2019autres personnes non habilit\u00e9es \u00e0 y avoir acc\u00e8s, qu\u2019il s\u2019agisse de personnes priv\u00e9es ou publiques, physiques ou morales.<\/span><\/span><\/p>\n<p style=\"margin: 0cm;\"><span style=\"color: #636363;\">&nbsp;<\/span><\/p>\n<p style=\"margin: 0cm;\"><span style=\"white-space: pre-wrap;\"><span style=\"font-family: 'Arial',sans-serif; color: #636363;\">La collecte et traitement de donn\u00e9es ont pour finalit\u00e9 uniquement l\u2019ex\u00e9cution du service de l\u2019application<\/span><b> In-memory SAS<\/b>. L\u2019Utilisateur dispose d\u2019un droit d\u2019acc\u00e8s, de rectification et d\u2019opposition pour motif l\u00e9gitime aupr\u00e8s de <b>In-memory SAS<\/b><\/span><\/p>\n<p style=\"margin: 0cm 0cm 8.0pt 0cm;\"><span style=\"font-family: 'Arial',sans-serif; color: #636363;\"><span style=\"white-space: pre-wrap;\">Pour toute question concernant la s\u00e9curit\u00e9 et les donn\u00e9es personnelles, ou pour vous permettre d\u2019exercer vos droits d\u2019acc\u00e8s, de rectification, de suppression, de retrait du consentement, de limitation du traitement, d\u2019opposition au traitement ou de portabilit\u00e9, et du droit de d\u00e9finir des directives relatives au sort de vos donn\u00e9es apr\u00e8s votre d\u00e9c\u00e8s vous pouvez contacter ainsi que notre Data Protection Officer (DPO) \u00e0 l\u2019adresse contact@in-memory.fr<\/span><br><span style=\"white-space: pre-wrap;\">Pour toute r\u00e9clamation concernant vos donn\u00e9es personnelles, vous pouvez soit contacter notre DPO et en dernier ressort vous adresser \u00e0 la Commission Nationale Informatique et Libert\u00e9 (CNIL) sur le site <\/span><\/span><span style=\"white-space: pre-wrap; color: rgb(99, 99, 99); font-family: Arial, sans-serif; font-weight: var( --e-global-typography-text-font-weight ); font-size: 1rem;\">www.cnil.fr<\/span><\/p>\t\t\t\t\t\t\t\t<\/div>\n\t\t\t\t<\/div>\n\t\t\t\t<div class=\"elementor-element elementor-element-ea78ffd elementor-widget elementor-widget-heading\" data-id=\"ea78ffd\" data-element_type=\"widget\" data-e-type=\"widget\" data-widget_type=\"heading.default\">\n\t\t\t\t<div class=\"elementor-widget-container\">\n\t\t\t\t\t<h2 class=\"elementor-heading-title elementor-size-default\">Cookies<\/h2>\t\t\t\t<\/div>\n\t\t\t\t<\/div>\n\t\t\t\t<div class=\"elementor-element elementor-element-0e1ddfd elementor-widget elementor-widget-text-editor\" data-id=\"0e1ddfd\" data-element_type=\"widget\" data-e-type=\"widget\" data-widget_type=\"text-editor.default\">\n\t\t\t\t<div class=\"elementor-widget-container\">\n\t\t\t\t\t\t\t\t\t<p style=\"margin: 0cm 0cm 8pt; font-size: 12pt; font-family: 'Times New Roman', serif; color: #000000;\"><span style=\"font-family: Arial, sans-serif; color: #636363;\">Consultez le d\u00e9tail de notre politique de confidentialit\u00e9 et de gestions des cookies <a href=\"https:\/\/www.in-memory.fr\/index.php\/cookies\/\" target=\"_blank\" rel=\"noopener\">ici<\/a>.<\/span><\/p>\t\t\t\t\t\t\t\t<\/div>\n\t\t\t\t<\/div>\n\t\t\t\t\t<\/div>\n\t\t<\/div>\n\t\t\t\t\t<\/div>\n\t\t<\/section>\n\t\t\t\t<\/div>\n\t\t","protected":false},"excerpt":{"rendered":"<p>Mentions l\u00e9gales \u00c9diteur Le pr\u00e9sent site internet est \u00e9dit\u00e9 par la soci\u00e9t\u00e9 In-memory SAS, Soci\u00e9t\u00e9 par Action Simplifi\u00e9e enregistr\u00e9e au Tribunal de Commerce de Paris sous le num\u00e9ro 909557373 RCS dont le si\u00e8ge social est situ\u00e9 au 25 rue de Verneuil 75007 Paris. Le capital social est de 20.000 Euros.TVA intracommunautaire FR909557373 contact@in-memory.frDirecteur de la [&hellip;]<\/p>\n","protected":false},"author":1,"featured_media":0,"parent":0,"menu_order":0,"comment_status":"closed","ping_status":"closed","template":"","meta":{"inline_featured_image":false,"footnotes":""},"class_list":["post-241","page","type-page","status-publish","hentry"],"yoast_head":"<!-- This site is optimized with the Yoast SEO plugin v26.9 - https:\/\/yoast.com\/product\/yoast-seo-wordpress\/ -->\n<title>Mentions l\u00e9gales - In-memory<\/title>\n<meta name=\"description\" content=\"Consultez nos mentions l\u00e9gales d\u00e9di\u00e9es, nos conditions d\u2019utilisation et les informations relatives \u00e0 notre politique de confidentialit\u00e9.\" \/>\n<meta name=\"robots\" content=\"index, follow, max-snippet:-1, max-image-preview:large, max-video-preview:-1\" \/>\n<link rel=\"canonical\" href=\"https:\/\/www.in-memory.fr\/?page_id=241\" \/>\n<meta property=\"og:locale\" content=\"fr_FR\" \/>\n<meta property=\"og:type\" content=\"article\" \/>\n<meta property=\"og:title\" content=\"Mentions l\u00e9gales - In-memory\" \/>\n<meta property=\"og:description\" content=\"Consultez nos mentions l\u00e9gales d\u00e9di\u00e9es, nos conditions d\u2019utilisation et les informations relatives \u00e0 notre politique de confidentialit\u00e9.\" \/>\n<meta property=\"og:url\" content=\"https:\/\/www.in-memory.fr\/?page_id=241\" \/>\n<meta property=\"og:site_name\" content=\"In-memory\" \/>\n<meta property=\"article:modified_time\" content=\"2024-05-15T11:30:00+00:00\" \/>\n<meta name=\"twitter:card\" content=\"summary_large_image\" \/>\n<meta name=\"twitter:label1\" content=\"Dur\u00e9e de lecture estim\u00e9e\" \/>\n\t<meta name=\"twitter:data1\" content=\"3 minutes\" \/>\n<script type=\"application\/ld+json\" class=\"yoast-schema-graph\">{\"@context\":\"https:\/\/schema.org\",\"@graph\":[{\"@type\":\"WebPage\",\"@id\":\"https:\/\/www.in-memory.fr\/?page_id=241\",\"url\":\"https:\/\/www.in-memory.fr\/?page_id=241\",\"name\":\"Mentions l\u00e9gales - In-memory\",\"isPartOf\":{\"@id\":\"https:\/\/www.in-memory.fr\/#website\"},\"datePublished\":\"2023-01-11T08:37:53+00:00\",\"dateModified\":\"2024-05-15T11:30:00+00:00\",\"description\":\"Consultez nos mentions l\u00e9gales d\u00e9di\u00e9es, nos conditions d\u2019utilisation et les informations relatives \u00e0 notre politique de confidentialit\u00e9.\",\"breadcrumb\":{\"@id\":\"https:\/\/www.in-memory.fr\/?page_id=241#breadcrumb\"},\"inLanguage\":\"fr-FR\",\"potentialAction\":[{\"@type\":\"ReadAction\",\"target\":[\"https:\/\/www.in-memory.fr\/?page_id=241\"]}]},{\"@type\":\"BreadcrumbList\",\"@id\":\"https:\/\/www.in-memory.fr\/?page_id=241#breadcrumb\",\"itemListElement\":[{\"@type\":\"ListItem\",\"position\":1,\"name\":\"Accueil\",\"item\":\"https:\/\/www.in-memory.fr\/\"},{\"@type\":\"ListItem\",\"position\":2,\"name\":\"Mentions l\u00e9gales\"}]},{\"@type\":\"WebSite\",\"@id\":\"https:\/\/www.in-memory.fr\/#website\",\"url\":\"https:\/\/www.in-memory.fr\/\",\"name\":\"In-memory\",\"description\":\"Parce que c&#039;est la vie\",\"publisher\":{\"@id\":\"https:\/\/www.in-memory.fr\/#organization\"},\"potentialAction\":[{\"@type\":\"SearchAction\",\"target\":{\"@type\":\"EntryPoint\",\"urlTemplate\":\"https:\/\/www.in-memory.fr\/?s={search_term_string}\"},\"query-input\":{\"@type\":\"PropertyValueSpecification\",\"valueRequired\":true,\"valueName\":\"search_term_string\"}}],\"inLanguage\":\"fr-FR\"},{\"@type\":\"Organization\",\"@id\":\"https:\/\/www.in-memory.fr\/#organization\",\"name\":\"In-memory\",\"url\":\"https:\/\/www.in-memory.fr\/\",\"logo\":{\"@type\":\"ImageObject\",\"inLanguage\":\"fr-FR\",\"@id\":\"https:\/\/www.in-memory.fr\/#\/schema\/logo\/image\/\",\"url\":\"https:\/\/www.in-memory.fr\/wp-content\/uploads\/2023\/01\/inmemory.png\",\"contentUrl\":\"https:\/\/www.in-memory.fr\/wp-content\/uploads\/2023\/01\/inmemory.png\",\"width\":86,\"height\":65,\"caption\":\"In-memory\"},\"image\":{\"@id\":\"https:\/\/www.in-memory.fr\/#\/schema\/logo\/image\/\"}}]}<\/script>\n<!-- \/ Yoast SEO plugin. -->","yoast_head_json":{"title":"Mentions l\u00e9gales - In-memory","description":"Consultez nos mentions l\u00e9gales d\u00e9di\u00e9es, nos conditions d\u2019utilisation et les informations relatives \u00e0 notre politique de confidentialit\u00e9.","robots":{"index":"index","follow":"follow","max-snippet":"max-snippet:-1","max-image-preview":"max-image-preview:large","max-video-preview":"max-video-preview:-1"},"canonical":"https:\/\/www.in-memory.fr\/?page_id=241","og_locale":"fr_FR","og_type":"article","og_title":"Mentions l\u00e9gales - In-memory","og_description":"Consultez nos mentions l\u00e9gales d\u00e9di\u00e9es, nos conditions d\u2019utilisation et les informations relatives \u00e0 notre politique de confidentialit\u00e9.","og_url":"https:\/\/www.in-memory.fr\/?page_id=241","og_site_name":"In-memory","article_modified_time":"2024-05-15T11:30:00+00:00","twitter_card":"summary_large_image","twitter_misc":{"Dur\u00e9e de lecture estim\u00e9e":"3 minutes"},"schema":{"@context":"https:\/\/schema.org","@graph":[{"@type":"WebPage","@id":"https:\/\/www.in-memory.fr\/?page_id=241","url":"https:\/\/www.in-memory.fr\/?page_id=241","name":"Mentions l\u00e9gales - In-memory","isPartOf":{"@id":"https:\/\/www.in-memory.fr\/#website"},"datePublished":"2023-01-11T08:37:53+00:00","dateModified":"2024-05-15T11:30:00+00:00","description":"Consultez nos mentions l\u00e9gales d\u00e9di\u00e9es, nos conditions d\u2019utilisation et les informations relatives \u00e0 notre politique de confidentialit\u00e9.","breadcrumb":{"@id":"https:\/\/www.in-memory.fr\/?page_id=241#breadcrumb"},"inLanguage":"fr-FR","potentialAction":[{"@type":"ReadAction","target":["https:\/\/www.in-memory.fr\/?page_id=241"]}]},{"@type":"BreadcrumbList","@id":"https:\/\/www.in-memory.fr\/?page_id=241#breadcrumb","itemListElement":[{"@type":"ListItem","position":1,"name":"Accueil","item":"https:\/\/www.in-memory.fr\/"},{"@type":"ListItem","position":2,"name":"Mentions l\u00e9gales"}]},{"@type":"WebSite","@id":"https:\/\/www.in-memory.fr\/#website","url":"https:\/\/www.in-memory.fr\/","name":"In-memory","description":"Parce que c&#039;est la vie","publisher":{"@id":"https:\/\/www.in-memory.fr\/#organization"},"potentialAction":[{"@type":"SearchAction","target":{"@type":"EntryPoint","urlTemplate":"https:\/\/www.in-memory.fr\/?s={search_term_string}"},"query-input":{"@type":"PropertyValueSpecification","valueRequired":true,"valueName":"search_term_string"}}],"inLanguage":"fr-FR"},{"@type":"Organization","@id":"https:\/\/www.in-memory.fr\/#organization","name":"In-memory","url":"https:\/\/www.in-memory.fr\/","logo":{"@type":"ImageObject","inLanguage":"fr-FR","@id":"https:\/\/www.in-memory.fr\/#\/schema\/logo\/image\/","url":"https:\/\/www.in-memory.fr\/wp-content\/uploads\/2023\/01\/inmemory.png","contentUrl":"https:\/\/www.in-memory.fr\/wp-content\/uploads\/2023\/01\/inmemory.png","width":86,"height":65,"caption":"In-memory"},"image":{"@id":"https:\/\/www.in-memory.fr\/#\/schema\/logo\/image\/"}}]}},"lang":"fr","translations":{"fr":241,"en-us":5227,"de":5367},"pll_sync_post":[],"_links":{"self":[{"href":"https:\/\/www.in-memory.fr\/index.php?rest_route=\/wp\/v2\/pages\/241","targetHints":{"allow":["GET"]}}],"collection":[{"href":"https:\/\/www.in-memory.fr\/index.php?rest_route=\/wp\/v2\/pages"}],"about":[{"href":"https:\/\/www.in-memory.fr\/index.php?rest_route=\/wp\/v2\/types\/page"}],"author":[{"embeddable":true,"href":"https:\/\/www.in-memory.fr\/index.php?rest_route=\/wp\/v2\/users\/1"}],"replies":[{"embeddable":true,"href":"https:\/\/www.in-memory.fr\/index.php?rest_route=%2Fwp%2Fv2%2Fcomments&post=241"}],"version-history":[{"count":104,"href":"https:\/\/www.in-memory.fr\/index.php?rest_route=\/wp\/v2\/pages\/241\/revisions"}],"predecessor-version":[{"id":4224,"href":"https:\/\/www.in-memory.fr\/index.php?rest_route=\/wp\/v2\/pages\/241\/revisions\/4224"}],"wp:attachment":[{"href":"https:\/\/www.in-memory.fr\/index.php?rest_route=%2Fwp%2Fv2%2Fmedia&parent=241"}],"curies":[{"name":"wp","href":"https:\/\/api.w.org\/{rel}","templated":true}]}}