{"id":5219,"date":"2023-11-13T13:50:58","date_gmt":"2023-11-13T12:50:58","guid":{"rendered":"https:\/\/www.in-memory.fr\/?page_id=5219"},"modified":"2023-12-18T11:28:22","modified_gmt":"2023-12-18T10:28:22","slug":"data-security","status":"publish","type":"page","link":"https:\/\/www.in-memory.fr\/?page_id=5219&lang=en-us","title":{"rendered":"Data security"},"content":{"rendered":"\t\t<div data-elementor-type=\"wp-page\" data-elementor-id=\"5219\" class=\"elementor elementor-5219\">\n\t\t\t\t\t\t<section class=\"elementor-section elementor-top-section elementor-element elementor-element-1f48cb9 elementor-section-full_width elementor-section-height-default elementor-section-height-default\" data-id=\"1f48cb9\" data-element_type=\"section\" data-e-type=\"section\">\n\t\t\t\t\t\t<div class=\"elementor-container elementor-column-gap-default\">\n\t\t\t\t\t<div class=\"elementor-column elementor-col-100 elementor-top-column elementor-element elementor-element-6bcf5a0\" data-id=\"6bcf5a0\" data-element_type=\"column\" data-e-type=\"column\" data-settings=\"{&quot;background_background&quot;:&quot;classic&quot;}\">\n\t\t\t<div class=\"elementor-widget-wrap elementor-element-populated\">\n\t\t\t\t\t\t<section class=\"elementor-section elementor-inner-section elementor-element elementor-element-947a39c elementor-section-boxed elementor-section-height-default elementor-section-height-default\" data-id=\"947a39c\" data-element_type=\"section\" data-e-type=\"section\">\n\t\t\t\t\t\t<div class=\"elementor-container elementor-column-gap-default\">\n\t\t\t\t\t<div class=\"elementor-column elementor-col-100 elementor-inner-column elementor-element elementor-element-34a1b66\" data-id=\"34a1b66\" data-element_type=\"column\" data-e-type=\"column\">\n\t\t\t<div class=\"elementor-widget-wrap elementor-element-populated\">\n\t\t\t\t\t\t<div class=\"elementor-element elementor-element-56859b1 elementor-widget elementor-widget-heading\" data-id=\"56859b1\" data-element_type=\"widget\" data-e-type=\"widget\" data-widget_type=\"heading.default\">\n\t\t\t\t<div class=\"elementor-widget-container\">\n\t\t\t\t\t<h2 class=\"elementor-heading-title elementor-size-default\">Data security<\/h2>\t\t\t\t<\/div>\n\t\t\t\t<\/div>\n\t\t\t\t\t<\/div>\n\t\t<\/div>\n\t\t\t\t\t<\/div>\n\t\t<\/section>\n\t\t\t\t\t<\/div>\n\t\t<\/div>\n\t\t\t\t\t<\/div>\n\t\t<\/section>\n\t\t\t\t<section class=\"elementor-section elementor-top-section elementor-element elementor-element-97dae91 elementor-section-boxed elementor-section-height-default elementor-section-height-default\" data-id=\"97dae91\" data-element_type=\"section\" data-e-type=\"section\">\n\t\t\t\t\t\t<div class=\"elementor-container elementor-column-gap-default\">\n\t\t\t\t\t<div class=\"elementor-column elementor-col-100 elementor-top-column elementor-element elementor-element-aa43ef8\" data-id=\"aa43ef8\" data-element_type=\"column\" data-e-type=\"column\">\n\t\t\t<div class=\"elementor-widget-wrap elementor-element-populated\">\n\t\t\t\t\t\t<div class=\"elementor-element elementor-element-4513629 elementor-widget elementor-widget-heading\" data-id=\"4513629\" data-element_type=\"widget\" data-e-type=\"widget\" data-widget_type=\"heading.default\">\n\t\t\t\t<div class=\"elementor-widget-container\">\n\t\t\t\t\t<h2 class=\"elementor-heading-title elementor-size-default\">Account access<\/h2>\t\t\t\t<\/div>\n\t\t\t\t<\/div>\n\t\t\t\t<div class=\"elementor-element elementor-element-244cd14 elementor-widget elementor-widget-text-editor\" data-id=\"244cd14\" data-element_type=\"widget\" data-e-type=\"widget\" data-widget_type=\"text-editor.default\">\n\t\t\t\t<div class=\"elementor-widget-container\">\n\t\t\t\t\t\t\t\t\t<p>To create an account on <strong>In-memory<\/strong> we ask you for a login &#8211; your email address &#8211; and a 20-character password.<\/p>\n<p>There is a two-factor authentification system when you create your account : we send you a link by e-mail, so that you can confirm your address and validate your account.<\/p>\n<p>Once your account has been validated, you will be asked to create your personal <strong>4-digit PIN code<\/strong> using a double validation system.<\/p>\n<p>The PIN code is not visible when you enter it, for reasons of security and confidentiality.<\/p>\n<p>The PIN code is very important and confidential, and the app will ask you it every time you log on to<strong> In-memory<\/strong>. Never give out your PIN!<\/p>\n<p>You can modify it by going to your Profile &gt; Modify, and we&rsquo;ll ask you for confirmation by email to make sure it&rsquo;s really your request. Then connect to the application by validating your new PIN code 2 twice.<\/p>\n<p>In conjunction with the PIN code, there&rsquo;s an additional security feature in place for session duration: if no activity is recorded on the application for one minute, or if you go to another application, you&rsquo;ll be automatically logged out of the application, and we&rsquo;ll ask you for your PIN code again when you return to the <strong>In-memory<\/strong> application.<\/p>\t\t\t\t\t\t\t\t<\/div>\n\t\t\t\t<\/div>\n\t\t\t\t<div class=\"elementor-element elementor-element-349a9ea elementor-widget elementor-widget-heading\" data-id=\"349a9ea\" data-element_type=\"widget\" data-e-type=\"widget\" data-widget_type=\"heading.default\">\n\t\t\t\t<div class=\"elementor-widget-container\">\n\t\t\t\t\t<h2 class=\"elementor-heading-title elementor-size-default\">Data transit<\/h2>\t\t\t\t<\/div>\n\t\t\t\t<\/div>\n\t\t\t\t<div class=\"elementor-element elementor-element-9056770 elementor-widget elementor-widget-text-editor\" data-id=\"9056770\" data-element_type=\"widget\" data-e-type=\"widget\" data-widget_type=\"text-editor.default\">\n\t\t\t\t<div class=\"elementor-widget-container\">\n\t\t\t\t\t\t\t\t\t<p>When you add a message with or without attachments to In-memory, they are automatically and immediately encrypted in their entirety, end-to-end, on our secure SS servers using a double-key system.<\/p>\t\t\t\t\t\t\t\t<\/div>\n\t\t\t\t<\/div>\n\t\t\t\t<div class=\"elementor-element elementor-element-97a3226 elementor-widget elementor-widget-heading\" data-id=\"97a3226\" data-element_type=\"widget\" data-e-type=\"widget\" data-widget_type=\"heading.default\">\n\t\t\t\t<div class=\"elementor-widget-container\">\n\t\t\t\t\t<h2 class=\"elementor-heading-title elementor-size-default\">Data storage<\/h2>\t\t\t\t<\/div>\n\t\t\t\t<\/div>\n\t\t\t\t<div class=\"elementor-element elementor-element-eaec75d elementor-widget elementor-widget-text-editor\" data-id=\"eaec75d\" data-element_type=\"widget\" data-e-type=\"widget\" data-widget_type=\"text-editor.default\">\n\t\t\t\t<div class=\"elementor-widget-container\">\n\t\t\t\t\t\t\t\t\t<p style=\"margin: 0cm;\"><span style=\"color: #636363; font-family: Arial, sans-serif;\">Your data is encrypted as soon as it arrives on our servers based in France, by a system of double encryption keys stored on your device and on a different SS secure server. This means that even a flaw in one of the servers would only allow the recovery of completely encrypted and indecipherable information<\/span><\/p><p style=\"margin: 0cm;\"><span style=\"color: #636363; font-family: Arial, sans-serif;\">\u00a0<\/span><\/p><p style=\"margin: 0cm;\"><span style=\"color: #636363; font-family: Arial, sans-serif;\">In-memory teams have absolutely no way of accessing your encrypted information.<\/span><\/p>\t\t\t\t\t\t\t\t<\/div>\n\t\t\t\t<\/div>\n\t\t\t\t<div class=\"elementor-element elementor-element-fa1bd50 elementor-widget elementor-widget-heading\" data-id=\"fa1bd50\" data-element_type=\"widget\" data-e-type=\"widget\" data-widget_type=\"heading.default\">\n\t\t\t\t<div class=\"elementor-widget-container\">\n\t\t\t\t\t<h2 class=\"elementor-heading-title elementor-size-default\">Data accessibility<\/h2>\t\t\t\t<\/div>\n\t\t\t\t<\/div>\n\t\t\t\t<div class=\"elementor-element elementor-element-973b290 elementor-widget elementor-widget-text-editor\" data-id=\"973b290\" data-element_type=\"widget\" data-e-type=\"widget\" data-widget_type=\"text-editor.default\">\n\t\t\t\t<div class=\"elementor-widget-container\">\n\t\t\t\t\t\t\t\t\t<p style=\"margin: 0cm;\"><span style=\"color: #636363; font-family: Arial, sans-serif;\"><b>Only the account user can access data.<\/b><\/span><\/p><p style=\"margin: 0cm;\"><span style=\"color: #636363; font-family: Arial, sans-serif;\">\u00a0<\/span><\/p><p style=\"margin: 0cm;\"><span style=\"color: #636363; font-family: Arial, sans-serif;\"><strong>In-memory<\/strong> teams have absolutely no access to your encrypted information.<\/span><\/p>\t\t\t\t\t\t\t\t<\/div>\n\t\t\t\t<\/div>\n\t\t\t\t<div class=\"elementor-element elementor-element-ec647f0 elementor-widget elementor-widget-heading\" data-id=\"ec647f0\" data-element_type=\"widget\" data-e-type=\"widget\" data-widget_type=\"heading.default\">\n\t\t\t\t<div class=\"elementor-widget-container\">\n\t\t\t\t\t<h2 class=\"elementor-heading-title elementor-size-default\">In-memory account deletion data<\/h2>\t\t\t\t<\/div>\n\t\t\t\t<\/div>\n\t\t\t\t<div class=\"elementor-element elementor-element-641ff63 elementor-widget elementor-widget-text-editor\" data-id=\"641ff63\" data-element_type=\"widget\" data-e-type=\"widget\" data-widget_type=\"text-editor.default\">\n\t\t\t\t<div class=\"elementor-widget-container\">\n\t\t\t\t\t\t\t\t\t<p style=\"margin: 0cm;\"><span style=\"color: #636363; font-family: Arial, sans-serif;\">If you decide to delete your <strong>In-memory<\/strong> account, you can delete all messages with all attachments, all your confidants and contacts in the application.<\/span><\/p><p style=\"margin: 0cm;\"><span style=\"color: #636363; font-family: Arial, sans-serif;\">\u00a0<\/span><\/p><p style=\"margin: 0cm;\"><span style=\"color: #636363; font-family: Arial, sans-serif;\">Your personal data &#8211; e-mail and personal information &#8211; will be deleted within the time limits imposed by legal retention obligations.<\/span><\/p>\t\t\t\t\t\t\t\t<\/div>\n\t\t\t\t<\/div>\n\t\t\t\t<div class=\"elementor-element elementor-element-0499a2a elementor-widget elementor-widget-heading\" data-id=\"0499a2a\" data-element_type=\"widget\" data-e-type=\"widget\" data-widget_type=\"heading.default\">\n\t\t\t\t<div class=\"elementor-widget-container\">\n\t\t\t\t\t<h2 class=\"elementor-heading-title elementor-size-default\">Data after dispatch to recipients of In-memory account messages<\/h2>\t\t\t\t<\/div>\n\t\t\t\t<\/div>\n\t\t\t\t<div class=\"elementor-element elementor-element-1652e81 elementor-widget elementor-widget-text-editor\" data-id=\"1652e81\" data-element_type=\"widget\" data-e-type=\"widget\" data-widget_type=\"text-editor.default\">\n\t\t\t\t<div class=\"elementor-widget-container\">\n\t\t\t\t\t\t\t\t\t<p style=\"margin: 0cm;\"><font color=\"#636363\" face=\"Arial, sans-serif\">As confirmed by your entrusted parties, upon your death only, all your messages will be sent individually to the recipients or group of recipients of your account according to your date instructions.&nbsp;<\/font><span style=\"color: rgb(99, 99, 99); font-family: Arial, sans-serif; font-size: 1rem; font-weight: var( --e-global-typography-text-font-weight );\">Your personal data &#8211; email and personal information &#8211; will be deleted within the time limits imposed by legal retention obligations as soon as the application service ends.<\/span><\/p>\t\t\t\t\t\t\t\t<\/div>\n\t\t\t\t<\/div>\n\t\t\t\t\t<\/div>\n\t\t<\/div>\n\t\t\t\t\t<\/div>\n\t\t<\/section>\n\t\t\t\t<\/div>\n\t\t","protected":false},"excerpt":{"rendered":"<p>Data security Account access To create an account on In-memory we ask you for a login &#8211; your email address &#8211; and a 20-character password. There is a two-factor authentification system when you create your account : we send you a link by e-mail, so that you can confirm your address and validate your account. [&hellip;]<\/p>\n","protected":false},"author":1,"featured_media":0,"parent":0,"menu_order":0,"comment_status":"closed","ping_status":"closed","template":"","meta":{"inline_featured_image":false,"footnotes":""},"class_list":["post-5219","page","type-page","status-publish","hentry"],"yoast_head":"<!-- This site is optimized with the Yoast SEO plugin v26.9 - https:\/\/yoast.com\/product\/yoast-seo-wordpress\/ -->\n<title>Data security - In-memory<\/title>\n<meta name=\"description\" content=\"Vos informations personnelles sont en s\u00e9curit\u00e9 avec notre engagement de s\u00e9curit\u00e9 des donn\u00e9es en conformit\u00e9 avec la CNIL.\" \/>\n<meta name=\"robots\" content=\"index, follow, max-snippet:-1, max-image-preview:large, max-video-preview:-1\" \/>\n<link rel=\"canonical\" href=\"https:\/\/www.in-memory.fr\/?page_id=5219&lang=en-us\" \/>\n<meta property=\"og:locale\" content=\"fr_FR\" \/>\n<meta property=\"og:type\" content=\"article\" \/>\n<meta property=\"og:title\" content=\"Data security - In-memory\" \/>\n<meta property=\"og:description\" content=\"Vos informations personnelles sont en s\u00e9curit\u00e9 avec notre engagement de s\u00e9curit\u00e9 des donn\u00e9es en conformit\u00e9 avec la CNIL.\" \/>\n<meta property=\"og:url\" content=\"https:\/\/www.in-memory.fr\/?page_id=5219&amp;lang=en-us\" \/>\n<meta property=\"og:site_name\" content=\"In-memory\" \/>\n<meta property=\"article:modified_time\" content=\"2023-12-18T10:28:22+00:00\" \/>\n<meta name=\"twitter:card\" content=\"summary_large_image\" \/>\n<meta name=\"twitter:label1\" content=\"Dur\u00e9e de lecture estim\u00e9e\" \/>\n\t<meta name=\"twitter:data1\" content=\"3 minutes\" \/>\n<script type=\"application\/ld+json\" class=\"yoast-schema-graph\">{\"@context\":\"https:\/\/schema.org\",\"@graph\":[{\"@type\":\"WebPage\",\"@id\":\"https:\/\/www.in-memory.fr\/?page_id=5219&lang=en-us\",\"url\":\"https:\/\/www.in-memory.fr\/?page_id=5219&lang=en-us\",\"name\":\"Data security - In-memory\",\"isPartOf\":{\"@id\":\"https:\/\/www.in-memory.fr\/#website\"},\"datePublished\":\"2023-11-13T12:50:58+00:00\",\"dateModified\":\"2023-12-18T10:28:22+00:00\",\"description\":\"Vos informations personnelles sont en s\u00e9curit\u00e9 avec notre engagement de s\u00e9curit\u00e9 des donn\u00e9es en conformit\u00e9 avec la CNIL.\",\"breadcrumb\":{\"@id\":\"https:\/\/www.in-memory.fr\/?page_id=5219&lang=en-us#breadcrumb\"},\"inLanguage\":\"fr-FR\",\"potentialAction\":[{\"@type\":\"ReadAction\",\"target\":[\"https:\/\/www.in-memory.fr\/?page_id=5219&lang=en-us\"]}]},{\"@type\":\"BreadcrumbList\",\"@id\":\"https:\/\/www.in-memory.fr\/?page_id=5219&lang=en-us#breadcrumb\",\"itemListElement\":[{\"@type\":\"ListItem\",\"position\":1,\"name\":\"Accueil\",\"item\":\"https:\/\/www.in-memory.fr\/\"},{\"@type\":\"ListItem\",\"position\":2,\"name\":\"Data security\"}]},{\"@type\":\"WebSite\",\"@id\":\"https:\/\/www.in-memory.fr\/#website\",\"url\":\"https:\/\/www.in-memory.fr\/\",\"name\":\"In-memory\",\"description\":\"Parce que c&#039;est la vie\",\"publisher\":{\"@id\":\"https:\/\/www.in-memory.fr\/#organization\"},\"potentialAction\":[{\"@type\":\"SearchAction\",\"target\":{\"@type\":\"EntryPoint\",\"urlTemplate\":\"https:\/\/www.in-memory.fr\/?s={search_term_string}\"},\"query-input\":{\"@type\":\"PropertyValueSpecification\",\"valueRequired\":true,\"valueName\":\"search_term_string\"}}],\"inLanguage\":\"fr-FR\"},{\"@type\":\"Organization\",\"@id\":\"https:\/\/www.in-memory.fr\/#organization\",\"name\":\"In-memory\",\"url\":\"https:\/\/www.in-memory.fr\/\",\"logo\":{\"@type\":\"ImageObject\",\"inLanguage\":\"fr-FR\",\"@id\":\"https:\/\/www.in-memory.fr\/#\/schema\/logo\/image\/\",\"url\":\"https:\/\/www.in-memory.fr\/wp-content\/uploads\/2023\/01\/inmemory.png\",\"contentUrl\":\"https:\/\/www.in-memory.fr\/wp-content\/uploads\/2023\/01\/inmemory.png\",\"width\":86,\"height\":65,\"caption\":\"In-memory\"},\"image\":{\"@id\":\"https:\/\/www.in-memory.fr\/#\/schema\/logo\/image\/\"}}]}<\/script>\n<!-- \/ Yoast SEO plugin. -->","yoast_head_json":{"title":"Data security - In-memory","description":"Vos informations personnelles sont en s\u00e9curit\u00e9 avec notre engagement de s\u00e9curit\u00e9 des donn\u00e9es en conformit\u00e9 avec la CNIL.","robots":{"index":"index","follow":"follow","max-snippet":"max-snippet:-1","max-image-preview":"max-image-preview:large","max-video-preview":"max-video-preview:-1"},"canonical":"https:\/\/www.in-memory.fr\/?page_id=5219&lang=en-us","og_locale":"fr_FR","og_type":"article","og_title":"Data security - In-memory","og_description":"Vos informations personnelles sont en s\u00e9curit\u00e9 avec notre engagement de s\u00e9curit\u00e9 des donn\u00e9es en conformit\u00e9 avec la CNIL.","og_url":"https:\/\/www.in-memory.fr\/?page_id=5219&lang=en-us","og_site_name":"In-memory","article_modified_time":"2023-12-18T10:28:22+00:00","twitter_card":"summary_large_image","twitter_misc":{"Dur\u00e9e de lecture estim\u00e9e":"3 minutes"},"schema":{"@context":"https:\/\/schema.org","@graph":[{"@type":"WebPage","@id":"https:\/\/www.in-memory.fr\/?page_id=5219&lang=en-us","url":"https:\/\/www.in-memory.fr\/?page_id=5219&lang=en-us","name":"Data security - In-memory","isPartOf":{"@id":"https:\/\/www.in-memory.fr\/#website"},"datePublished":"2023-11-13T12:50:58+00:00","dateModified":"2023-12-18T10:28:22+00:00","description":"Vos informations personnelles sont en s\u00e9curit\u00e9 avec notre engagement de s\u00e9curit\u00e9 des donn\u00e9es en conformit\u00e9 avec la CNIL.","breadcrumb":{"@id":"https:\/\/www.in-memory.fr\/?page_id=5219&lang=en-us#breadcrumb"},"inLanguage":"fr-FR","potentialAction":[{"@type":"ReadAction","target":["https:\/\/www.in-memory.fr\/?page_id=5219&lang=en-us"]}]},{"@type":"BreadcrumbList","@id":"https:\/\/www.in-memory.fr\/?page_id=5219&lang=en-us#breadcrumb","itemListElement":[{"@type":"ListItem","position":1,"name":"Accueil","item":"https:\/\/www.in-memory.fr\/"},{"@type":"ListItem","position":2,"name":"Data security"}]},{"@type":"WebSite","@id":"https:\/\/www.in-memory.fr\/#website","url":"https:\/\/www.in-memory.fr\/","name":"In-memory","description":"Parce que c&#039;est la vie","publisher":{"@id":"https:\/\/www.in-memory.fr\/#organization"},"potentialAction":[{"@type":"SearchAction","target":{"@type":"EntryPoint","urlTemplate":"https:\/\/www.in-memory.fr\/?s={search_term_string}"},"query-input":{"@type":"PropertyValueSpecification","valueRequired":true,"valueName":"search_term_string"}}],"inLanguage":"fr-FR"},{"@type":"Organization","@id":"https:\/\/www.in-memory.fr\/#organization","name":"In-memory","url":"https:\/\/www.in-memory.fr\/","logo":{"@type":"ImageObject","inLanguage":"fr-FR","@id":"https:\/\/www.in-memory.fr\/#\/schema\/logo\/image\/","url":"https:\/\/www.in-memory.fr\/wp-content\/uploads\/2023\/01\/inmemory.png","contentUrl":"https:\/\/www.in-memory.fr\/wp-content\/uploads\/2023\/01\/inmemory.png","width":86,"height":65,"caption":"In-memory"},"image":{"@id":"https:\/\/www.in-memory.fr\/#\/schema\/logo\/image\/"}}]}},"lang":"en-us","translations":{"en-us":5219,"fr":2039,"de":5347},"pll_sync_post":[],"_links":{"self":[{"href":"https:\/\/www.in-memory.fr\/index.php?rest_route=\/wp\/v2\/pages\/5219","targetHints":{"allow":["GET"]}}],"collection":[{"href":"https:\/\/www.in-memory.fr\/index.php?rest_route=\/wp\/v2\/pages"}],"about":[{"href":"https:\/\/www.in-memory.fr\/index.php?rest_route=\/wp\/v2\/types\/page"}],"author":[{"embeddable":true,"href":"https:\/\/www.in-memory.fr\/index.php?rest_route=\/wp\/v2\/users\/1"}],"replies":[{"embeddable":true,"href":"https:\/\/www.in-memory.fr\/index.php?rest_route=%2Fwp%2Fv2%2Fcomments&post=5219"}],"version-history":[{"count":19,"href":"https:\/\/www.in-memory.fr\/index.php?rest_route=\/wp\/v2\/pages\/5219\/revisions"}],"predecessor-version":[{"id":6226,"href":"https:\/\/www.in-memory.fr\/index.php?rest_route=\/wp\/v2\/pages\/5219\/revisions\/6226"}],"wp:attachment":[{"href":"https:\/\/www.in-memory.fr\/index.php?rest_route=%2Fwp%2Fv2%2Fmedia&parent=5219"}],"curies":[{"name":"wp","href":"https:\/\/api.w.org\/{rel}","templated":true}]}}